common factor of 12393 and 2430405.
1377
Calculate the greatest common factor of 323 and 10975897.
17
Calculate the highest common divisor of 210 and 2088436.
14
What is the highest common divisor of 1419588 and 162009?
423
What is the highest common divisor of 4231871 and 6244?
1561
What is the greatest common factor of 4901227 and 707?
101
What is the highest common divisor of 13882985 and 9585?
355
What is the highest common factor of 38 and 22424?
2
Calculate the greatest common factor of 54121532 and 32756.
1724
Calculate the highest common factor of 45 and 1479078.
9
Calculate the greatest common divisor of 8100 and 4445604.
324
What is the greatest common factor of 3650850 and 288?
18
Calculate the greatest common factor of 30622688 and 1473.
491
What is the greatest common divisor of 13520 and 20816?
16
What is the greatest common divisor of 29156808 and 72?
24
What is the greatest common divisor of 14338152 and 509832?
6984
What is the highest common divisor of 455 and 8167523?
91
What is the greatest common factor of 668 and 75583532?
668
Calculate the highest common factor of 4351 and 2790365.
229
What is the greatest common factor of 2 and 890492144?
2
Calculate the highest common factor of 265 and 60706465.
265
Calculate the highest common divisor of 4543 and 99601381.
649
What is the highest common factor of 686 and 392210014?
98
What is the highest common factor of 7150 and 501280?
130
What is the greatest common divisor of 1073840 and 121520?
2480
What is the highest common divisor of 335714 and 1054054?
1466
Calculate the highest common factor of 232 and 175464616.
232
Calculate the highest common divisor of 26 and 56521673.
13
Calculate the highest common divisor of 8040233 and 485.
97
What is the highest common factor of 66 and 18655527?
33
Calculate the greatest common factor of 13 and 228884201.
13
What is the greatest common factor of 12000075 and 5?
5
What is the greatest common divisor of 192921 and 1124471?
601
Calculate the greatest common divisor of 3400 and 27452450.
850
Calculate the greatest common factor of 569366 and 1120.
14
What is the highest common divisor of 318799 and 5044?
13
What is the greatest common factor of 34788741 and 39?
39
What is the highest common divisor of 19877 and 5617546?
1529
What is the highest common factor of 50 and 16381650?
50
Calculate the highest common factor of 649267 and 91333.
23
What is the greatest common factor of 17712 and 69120?
432
Calculate the highest common divisor of 47827783 and 289.
17
What is the highest common factor of 511100613 and 2007?
2007
What is the highest common factor of 2510 and 19908818?
502
What is the greatest common divisor of 1524832 and 12736?
32
What is the highest common divisor of 9616845 and 11256?
1407
What is the highest common factor of 112 and 215062288?
112
Calculate the greatest common factor of 23097576 and 1557.
519
Calculate the highest common factor of 4468085 and 835.
835
Calculate the greatest common factor of 4532584 and 348.
116
What is the greatest common factor of 43900906 and 2926?
266
Calculate the greatest common factor of 253290 and 6060.
30
What is the highest common factor of 976351243 and 7?
7
Calculate the greatest common factor of 13 and 157883141.
13
What is the greatest common divisor of 1593822 and 2?
2
What is the greatest common divisor of 52805865 and 30?
15
Calculate the greatest common divisor of 896 and 16763040.
224
What is the highest common factor of 815 and 52960?
5
Calculate the greatest common factor of 591618 and 44394.
906
Calculate the highest common factor of 71811900 and 1200.
300
What is the highest common factor of 176 and 74286388?
44
Calculate the highest common factor of 1811707 and 9796.
79
Calculate the highest common divisor of 1320 and 1455.
15
What is the highest common divisor of 366 and 15251159?
61
Calculate the greatest common divisor of 28464 and 22368.
48
Calculate the greatest common divisor of 20944 and 9661168.
2992
What is the greatest common factor of 15926168 and 1072?
536
What is the greatest common factor of 457677 and 67551?
759
What is the highest common divisor of 56 and 4136536?
8
Calculate the greatest common divisor of 1205256 and 54.
6
Calculate the highest common factor of 122406 and 16836.
138
What is the highest common divisor of 110976 and 35214072?
6936
Calculate the highest common factor of 3196974 and 901458.
4926
What is the highest common factor of 1886543771 and 4739?
4739
What is the greatest common divisor of 6504 and 34384?
8
Calculate the highest common divisor of 33626459 and 136.
17
What is the highest common divisor of 5056 and 407547728?
1264
Calculate the highest common factor of 13653 and 561987.
369
What is the greatest common factor of 49496 and 2959807?
269
Calculate the highest common factor of 5003421 and 397086.
687
Calculate the highest common divisor of 4839480 and 9720.
1080
Calculate the highest common factor of 434148 and 82478.
506
What is the greatest common divisor of 108527 and 22427?
41
Calculate the highest common factor of 1076 and 14436692.
1076
What is the highest common factor of 28984 and 102248?
8
Calculate the highest common divisor of 1080744 and 648.
24
What is the highest common factor of 717686 and 200576?
3134
Calculate the highest common factor of 95616420 and 20.
20
Calculate the greatest common factor of 9587781 and 42903.
189
What is the highest common factor of 425106477 and 3492?
873
Calculate the highest common divisor of 79619028 and 9812.
892
What is the highest common divisor of 138 and 32238111?
69
Calculate the greatest common divisor of 47201448 and 24.
24
Calculate the greatest common divisor of 51030 and 4107960.
90
What is the greatest common factor of 29139390 and 1656?
414
What is the greatest common factor of 390240 and 333?
9
Calculate the highest common divisor of 8365275 and 9720.
1215
What is the greatest common factor of 176 and 23423092?
44
What is the greatest common factor of 180337908 and 81072?
6756
What is the greatest common divisor of 239905154 and 3244?
1622
What is the highest common factor of 3290911 and 442?
221
What is the greatest common divisor of 1924186 and 638?
22
What is the greatest common divisor of 40 and 60476440?
40
What is the highest common divisor of 11314384 and 23664?
272
What is the highest common factor of 9 and 243051?
3
What is the greatest common factor of 5619859 and 2891?
49
What is the greatest common divisor of 78 and 676?
26
What is the greatest common divisor of 445176 and 70247124?
8244
What is the highest common factor of 9056883 and 99?
33
Calculate the highest common divisor of 13286 and 12396787.
949
What is the greatest common divisor of 12557728 and 88288?
992
What is the highest common factor of 3927 and 90238995?
231
Calculate the greatest common divisor of 2062 and 270890095.
1031
Calculate the greatest common factor of 32 and 118815200.
32
What is the highest common divisor of 33369 and 214326?
147
Calculate the highest common divisor of 316012 and 268252.
796
What is the highest common divisor of 16263 and 9198?
9
What is the highest common factor of 491104 and 4715752?
824
What is the greatest common factor of 4599351918 and 1218?
1218
Calculate the highest common divisor of 16704 and 90498.
6
What is the greatest common divisor of 988736 and 574?
14
Calculate the greatest common factor of 3108 and 4118016.
84
What is the highest common divisor of 1398369 and 380205?
357
Calculate the greatest common factor of 4939195 and 817.
43
Calculate the highest common divisor of 100 and 18558325.
25
Calculate the greatest common divisor of 316578168 and 18.
18
Calculate the greatest common factor of 17561405 and 778.
389
Calculate the highest common factor of 9988347 and 21.
3
What is the greatest common divisor of 1015 and 1288315?
35
What is the greatest common factor of 26 and 3997069336?
26
What is the greatest common divisor of 5832182 and 4706?
362
Calculate the highest common factor of 81941 and 6499.
67
Calculate the highest common factor of 1032 and 81948.
12
Calculate the greatest common divisor of 293668759 and 103.
103
Calculate the highest common divisor of 3008 and 5865788.
188
Calculate the highest common divisor of 24 and 245643150.
